. Determine n(u).
15
Suppose 5*l - 3*w - 8 = 10, -l - 10 = -4*w. Let b(f) = l*f + 1 - f**2 - 490*f**3 - 7*f**2 + 491*f**3. Determine b(7).
-6
Let b(s) = 2*s**2 + 3*s - 3*s**2 - 2 - 1. Suppose 0 = -3*p - 3*j + 6*j + 555, 5*j - 695 = -4*p. Let i = p + -178. What is b(i)?
-1
Suppose -q - 10 = -4*l, 2*q + 15 - 21 = -5*l. Let o(s) = 6*s - 7*s - 3 - l*s + 2*s. Give o(-5).
2
Suppose -2*u - 4*y + 14 = 30, 0 = -3*u - 5*y - 21. Let n(d) = -27*d - 50. What is n(u)?
4
Let f(i) = 3*i - 10. Suppose -16*v = -11*v - 10. Suppose -3*t - v*p + 154 = 3*p, -4 = p. Suppose 0 = 9*h - t - 14. Determine f(h).
14
Let f be -35*74/(-148)*(2 + 42/(-15)). Let d(r) = -12*r - 172. Give d(f).
-4
Suppose -15*l = -25 - 35. Suppose i = -l - 6. Let k(t) = 2*t**3 - 9*t**2 - 3*t**3 + 2*t**2 + 4 - 3*t**2. Give k(i).
4
Let v(r) = 1 + 2*r**2 + 9 - 14*r - 4. Let h be v(7). Let o(f) = -f - 2*f - 6 - f + h*f. What is o(7)?
8
Let n(z) = 3*z - 28. Suppose k - 20 = -5*t, 5*t - 26 = -3*k + 14. Give n(k).
2
Let g = 29902 - 29928. Let w(p) = p**3 + 26*p**2 - 16. Determine w(g).
-16
Let t(b) be the first derivative of -b**3/3 + 7*b**2/2 + 16*b - 5898. Calculate t(4).
28
Let a(m) = m**2 - 6*m - 6. Let r be (7/(-14))/((-2)/12). Suppose 6*i - 5*i - 22 = 0. Suppose 5*h - i - r = 0. Calculate a(h).
-11
Let p(m) = -m + 10*m + m. Let v be ((-20)/50)/(2/(-20)). Suppose v*s + 3 - 1 = 2*f, 3*f - 13 = -4*s. Give p(s).
10
Let z(c) be the second derivative of c**4/6 - 7*c**3/2 + 22*c**2 - 2*c + 920. Give z(3).
-1
Let y(j) = -73*j**2. Suppose 6*d + 1 = -5. Let k be y(d). Let p = k - -73. Let n(f) = -f**3 - f**2 - f. What is n(p)?
0
Let w(g) be the second derivative of 20*g**3/3 - 9*g**2/2 - 584*g. Give w(2).
71
Let p = 2648 + -2650. Let k(w) = 13*w**2 - w - 3. What is k(p)?
51
Let m(k) = -k**2 + 5*k + 8. Let j be m(6). Let l(p) = 90*p**2 + 11*p - 13. Let s(i) = 49*i**2 + 6*i - 7. Let d(a) = -6*l(a) + 11*s(a). What is d(j)?
-3
Suppose 0 = -11*y + 8*y. Suppose -4*f + 2 + 22 = y. Let b(d) = 5*d - 5 - 1 - 4*d. Give b(f).
0
Let h(n) = -n**3 + 27*n**2 - 24*n - 31. Let r be h(26). Suppose -r + 210 = 27*w. Let i(a) = a**2 - 6*a - 9. Calculate i(w).
-2
Let p(n) = n**2 - n. Let j(v) = 15*v**2 + 6*v + 16. Let a(l) = -j(l) + 4*p(l). Let i(o) = -5*o**2 - 5*o - 7. Let c(y) = -2*a(y) + 5*i(y). Calculate c(-3).
-15
Suppose t - 4188*n + 17 = -4187*n, 0 = 3*t + 12*n - 114. Let k(v) = -6 - 3*v + 3*v + 5*v. Determine k(t).
-36
Let i be (49/3)/(((-102)/360)/17). Let t = i + 992. Let j(z) = z**2 - 10*z - 22. Give j(t).
2
Let b be -32*1*2/4. Let s be (-36)/(-48) + 92/b. Let f(o) = 2*o - 4. Determine f(s).
-14
Let r(q) = 23177*q - 46363*q + 21 + 23181*q. Determine r(17).
-64
Suppose -2*c - 3*u = 6, -5*c - 5 = 2*u - 1. Let n(i) = -8*i - 12 + c*i**3 + 4*i**3 - 6*i**3 + 2*i**3 - 7*i**2 - i**3. What is n(-6)?
0
Let n(q) = 3*q**2 - 12 + 3*q**2 - 11*q + 22*q**2 - 22*q**2 - 5*q**2. Determine n(11).
-12
Suppose 6*r + 5*m = r + 50, -5*m = 5. Let f(b) be the first derivative of -b**3/3 + 6*b**2 - 16*b + 13. Calculate f(r).
-5
Let r be 8 - (-3)/(-15)*-5*0. Let c(a) = a**3 - 6*a**2 - 17*a + 23. Determine c(r).
15
Let p(f) be the second derivative of -3/2*f**2 + 22*f + 1/6*f**4 + 0*f**3 + 0. Calculate p(-2).
5
Let h(b) = b**2 + 6*b - 21. Let c(k) = -123*k + 2217. Let q be c(18). What is h(q)?
6
Let b(x) be the second derivative of -x**5/20 + x**4/3 + x**3/6 - 2*x**2 + x. Suppose 125*q = 20*q - 210. Let p be (-53)/(-159) - 11*q/6. What is b(p)?
0
Let o be (-10)/(-6) + (-1)/(-3). Suppose -106*r + 162 = -25*r. Let j(f) = -2*f + o*f + 0*f + r - f. Give j(9).
-7
Let n(u) = -u**2 - 8*u - 6. Let h = -34 + 47. Suppose h*l - 11*l - 30 = 0. Suppose 2*c = 5*z + 24, -l = 8*c - 3*c. Determine n(z).
6
Let r(k) = k**3 + 6*k**2 - 38*k + 21. Let l be r(-10). Let o(i) = 2*i - 6. Give o(l).
-4
Let c(i) = 31*i + 1. Let q be c(5). Let a(p) = -76 + p - 74 + q. Calculate a(-9).
-3
Let j(c) = c**2 - c + 4. Suppose -12*w = -10*w - 3*w. Let u be w*(-7)/(-14)*1. Calculate j(u).
4
Let j(m) = -3*m**3 - 2*m**2 + 3*m + 2. Suppose -157*w - 48 = -169*w. Suppose -z = 4*a - 6, 0*a - w*a = 2*z - 4. What is j(z)?
12
Suppose -a + g = 13, 0 = -5*a + 4*g - 44 - 26. Let m = a + 21. Let s(p) = -2212 + 2213 - 5*p + 0*p. What is s(m)?
-14
Suppose 5*q + 5 = 0, -3*b = -7*b - 5*q + 47. Let f(i) be the first derivative of i**3/3 - 13*i**2/2 + 3*i + 866. What is f(b)?
3
Suppose 353 + 116 = -31*q - 864. Let o(d) = -2*d**2 - 87*d - 38. What is o(q)?
5
Let m(t) = 13*t**2 + t. Let y(d) = -15*d**2 - d - 1. Let p be 40/(-7) + (-58)/203. Let n(o) = p*y(o) - 7*m(o). Give n(3).
-6
Let z(r) be the third derivative of 1/24*r**4 - 1/2*r**3 + 0*r + 62*r**2 + 0. Let g(q) = 2*q - 11. Let w be g(8). Determine z(w).
2
Let z(q) be the third derivative of q**6/45 - q**5/120 + 41*q**4/12 + 6*q**2. Let r(y) be the second derivative of z(y). Calculate r(1).
15
Let l(o) = 2*o**2 + 34*o + 27. Let z(m) = -m**2 - 18*m - 15. Suppose -u - 37 = -3*x + u, 4*x - u - 46 = 0. Let p(g) = x*z(g) + 6*l(g). Give p(-3).
-12
Let p(g) = -117320 + 9*g + 117117 + 4*g - g. What is p(17)?
1
Let i(b) = 7*b**2 - 4*b + 3. Let x(n) = -4*n**2 + n - 1. Let u(k) = -3*i(k) - 5*x(k). Let v = -67 + 74. Give u(v).
-4
Let v(g) be the third derivative of g**5/60 - g**4 - 61*g**3 + 6930*g**2. Determine v(-11).
19
Let k(r) = -r**3 + r - 1. Let w(t) = t**3 + 14*t**2 + 13*t + 6. Let x be w(-13). Let z(p) = 8*p**3 + p**2 - 8*p + 7. Let i(c) = x*k(c) + z(c). Calculate i(1).
2
Let o(d) = d**2 - 7*d + 5. Suppose -91 = -3*l + 2*q, 6*q - 4*q - 8 = 0. Suppose -l*b + 34*b = 5. What is o(b)?
-5
Let r(h) = -13*h**3 - 25*h**2 - 22*h - 14. Let t(b) = -7*b**3 - 14*b**2 - 12*b - 7. Let y(o) = 6*r(o) - 11*t(o). Calculate y(3).
2
Let b(y) be the second derivative of -4*y + 1/2*y**3 + 0 - 5/2*y**2. Suppose -32*r + 39 + 89 = 0. Determine b(r).
7
Let b(h) = 6*h**3 - 6*h**2 - 17*h - 12. Let x be b(-1). Let v(o) = o**3 + 6*o**2 - 12*o - 9. Calculate v(x).
26
Suppose 195*v - 1241 = 1294. Let j(h) = -h**2 + 14*h + 7. Give j(v).
20
Let t be 780/(-66) - (6 - 14) - (-8)/(-44). Let q(r) = 2*r**2 - 9*r - 3. What is q(t)?
65
Let c(m) be the third derivative of 0*m + 11/6*m**3 - 1/60*m**5 + 0 - 19*m**2 - 1/4*m**4. Let j(d) = 16*d + 8. Let t be j(-1). Determine c(t).
-5
Let y(m) = -175*m**2 + 87*m**2 + 91*m**2 - 4*m - 3. What is y(4)?
29
Suppose -3*i = 3*b, 0 = 4*b + 5*i - 2. Let d(l) = l**3 - 2*l**2 + 12*l + 25. Let t be d(b). Let h(w) = w**2 + 14*w - 6. What is h(t)?
9
Let z(q) be the second derivative of -q**4/3 - q**3/3 - q**2 - q + 70. Let r = -5 - -2. Let b be (r - 1) + -2 + 4. Give z(b).
-14
Let z(d) be the first derivative of d**4/4 + 5*d**3/3 - 7*d**2/2 - 2*d - 37724. Let x = 2 + -8. Determine z(x).
4
Let s = -15 - -17. Suppose 14 = 2*x - 4*o, 3*x - s*o - 6 = -o. Let l(z) be the second derivative of -5*z**4/6 + z**3/6 - 2*z + 421. Calculate l(x).
-9
Suppose -4*v + 8 = y, 0*v - 2 = -v + 2*y. Let i be 0*2*v/(-4). Let x(q) = -5 - 16 + q - 11 + 33 - 7. Calculate x(i).
-6
Let h(s) = -58*s - 21. Let q(i) = -10*i - 2. Let w(a) = -h(a) + 5*q(a). Calculate w(-2).
-5
Let d = -7821 - -7823. Let c(t) = 16*t**2 + 8*t - 3. What is c(d)?
77
Let x(q) = -q**2 - q - 6. Let y = 39 + -41. Let j(g) = -g**2 - 30*g - 56. Let f be j(y). Give x(f).
-6
Let y(d) be the second derivative of -9/2*d**2 + 25*d + 0 + 2/3*d**3. Let t(p) = 7*p - 17. Let k(j) = -3*t(j) + 5*y(j). What is k(7)?
-1
Let w(h) be the third derivative of -3*h**6/40 + h**5/20 + h**4/24 - 1076*h**2. Determine w(-2).
82
Let f be 2*2/6*(-30)/20. Let o(z) = 14*z**3 - 2*z**2 - z. Determine o(f).
-15
Let f(l) = 12*l - 88. Let i be f(10). Let d = i - 41. Let h(b) = -b**2 - 10*b + 11. Calculate h(d).
20
Let g be -16*(10/(-4) + 0 + 3). Let l(p) = 9*p**3 + 7*p**2 - 19*p - 3. Let i(j) = 5*j**3 + 3*j**2 - 10*j - 1. Let y(q) = -7*i(q) + 4*l(q). Give y(g).
-21
Let l = 69 + -73. Let u(p) = -15*p**3 - 8*p**2 + 11*p + 18. Let d(w) = -7*w**3 - 4*w**2 + 5*w + 8. Let t(b) = -13*d(b) + 6*u(b). What is t(l)?
0
Suppose 13134*k + 35 = 13141*k. Let y(g) = g**3 + g**2 - g. Let p(n) = -2*n**3 - 8*n**2 - 2*n + 7. Let l(z) = -p(z) - 3*y(z). Give l(k).
18
Let v(f) = 25*f - 24. Let g(s) = -14*s + 11. Let w(k) = -9*g(k) - 5*v(k). Let j = -33 - -18. Calculate w(j).
6
Let n(b) = -2 + 17654*b - 2*b**2 + 0 - 17652*b + 3*b**2. Let h be (7 + -3 - 3)*3. Calculate n(